In base 14, what is 361 + 164?
4c5
In base 6, what is 1 + 112201?
112202
In base 3, what is -2 + 2220001211?
2220001202
In base 13, what is 5 + 10825?
1082a
In base 11, what is -204 - -3a4?
1a0
In base 2, what is 1000101101 - 110010101?
10011000
In base 8, what is -2045 + -162?
-2227
In base 10, what is -1 - -3002?
3001
In base 2, what is -10001110100 - -11000011?
-1110110001
In base 13, what is -3 - 4204?
-4207
In base 12, what is 189 + 60?
229
In base 16, what is 3 - 4e17?
-4e14
In base 15, what is -370 + -cb?
-44b
In base 3, what is 1000 - 1001001220?
-1001000220
In base 10, what is -49 + 4120?
4071
In base 16, what is -1037f - -b?
-10374
In base 12, what is 19 - -55700?
55719
In base 9, what is 682 + -5342?
-4550
In base 10, what is -259 - 2091?
-2350
In base 16, what is 5a - -1a2?
1fc
In base 12, what is -2034b8 + 9?
-2034ab
In base 2, what is -1001 - -10010001101?
10010000100
In base 6, what is 231341 + 4?
231345
In base 10, what is -1218 - 731?
-1949
In base 6, what is 3 - 131203?
-131200
In base 13, what is b9a0 - c?
b991
In base 5, what is 1214103 - 1034?
1213014
In base 11, what is 523066 - -3?
523069
In base 2, what is 11 + 1010010101100111?
1010010101101010
In base 3, what is 1 - 210112002?
-210112001
In base 3, what is -110010 + 1221?
-101012
In base 7, what is 6 - 25444?
-25435
In base 11, what is 432 - -32?
464
In base 7, what is -1441620 - 4?
-1441624
In base 8, what is 7 - 65175?
-65166
In base 2, what is -11 + 11001111101010?
11001111100111
In base 10, what is -484 + -2744?
-3228
In base 2, what is -11 - 100010111000100010?
-100010111000100101
In base 16, what is -72 - 12b2?
-1324
In base 2, what is 101000001001 + -101001?
100111100000
In base 8, what is -137663 + 51?
-137612
In base 13, what is 9786 + 3?
9789
In base 9, what is -142 - 48?
-201
In base 8, what is 243 - -2427?
2672
In base 2, what is -1010000100 - 100101?
-1010101001
In base 11, what is -9961 - 38?
-9999
In base 12, what is a6363 + 0?
a6363
In base 8, what is 1 - 157747?
-157746
In base 8, what is 1206 + -112?
1074
In base 9, what is -5 + 14050?
14044
In base 14, what is 5 - 7b9d?
-7b98
In base 16, what is 4721 + 1f?
4740
In base 14, what is -7bb0 - 48?
-7c18
In base 9, what is -8176 + 54?
-8122
In base 14, what is 88b + -16?
875
In base 11, what is 45a + a4?
553
In base 11, what is 0 - -4661?
4661
In base 15, what is -1 - 341d?
-341e
In base 10, what is 93989 - 5?
93984
In base 9, what is 171 - 204?
-23
In base 9, what is -4620 + -6?
-4626
In base 4, what is 3031111220 - -11?
3031111231
In base 2, what is -110 - -10001111110100000100?
10001111110011111110
In base 16, what is -17e - 3d?
-1bb
In base 6, what is -10041033 - 13?
-10041050
In base 13, what is 79 + ca4b?
cac7
In base 11, what is -28 - -147a?
1452
In base 5, what is 323230 + -20?
323210
In base 8, what is 55 + -35254?
-35177
In base 15, what is -c9 - -291?
1b7
In base 4, what is 113 - -11303112?
11303231
In base 11, what is 5 - -785a?
7864
In base 14, what is -315 + -3d3?
-708
In base 14, what is -22 - 680?
-6a2
In base 7, what is 121 + 100?
221
In base 12, what is -8a1 - 9?
-8aa
In base 14, what is -5 - 6bdd?
-6c04
In base 10, what is 171605 - 12?
171593
In base 13, what is -5 - -1b4693?
1b468b
In base 14, what is 324bd + 2?
324c1
In base 4, what is 11 + -30323122?
-30323111
In base 8, what is -4 + 76712?
76706
In base 10, what is 267 - -11115?
11382
In base 7, what is -161224 + 0?
-161224
In base 16, what is -3a + -1b3?
-1ed
In base 8, what is -23 - -7720?
7675
In base 5, what is -10 - 144034?
-144044
In base 8, what is -1 - 666537?
-666540
In base 11, what is a59 + -4?
a55
In base 7, what is 231303 + -4?
231266
In base 7, what is -14415 + -3?
-14421
In base 12, what is -9 - 70832?
-7083b
In base 13, what is -58b1 + 27?
-5887
In base 4, what is -3001 + -13322?
-22323
In base 15, what is 253893 + -3?
253890
In base 8, what is -5421 - -231?
-5170
In base 5, what is 0 + 442443?
442443
In base 10, what is -45 - 1663?
-1708
In base 5, what is -1224 - -212243?
211014
In base 4, what is 1322103 + -3?
1322100
In base 12, what is -21 - 8243?
-8264
In base 12, what is -7a04 + -a?
-7a12
In base 15, what is 216 - -6aa?
8c1
In base 5, what is 40 + -121200?
-121110
In base 13, what is 1c7 - -48?
242
In base 16, what is 49 - 241b?
-23d2
In base 9, what is -616688 - 2?
-616701
In base 11, what is -16022 - -4?
-16019
In base 3, what is -100002 + 21020?
-1212
In base 7, what is 23 + 42522?
42545
In base 16, what is 2 - 33bd?
-33bb
In base 8, what is -3300 - 270?
-3570
In base 13, what is 5006 + 1?
5007
In base 4, what is 2030120 - -10?
2030130
In base 12, what is 1 + 1a481?
1a482
In base 15, what is a0 + b3?
163
In base 13, what is -154b - a?
-1558
In base 6, what is 10053 + -5504?
145
In base 12, what is -101 - -148?
47
In base 7, what is -216644 + -5?
-216652
In base 4, what is 1111 + 3312?
11023
In base 10, what is -1 - -771194?
771193
In base 14, what is -14 + 1045?
1031
In base 8, what is 3 + 126617?
126622
In base 13, what is -3 + 217b8?
217b5
In base 9, what is -682457 - 0?
-682457
In base 11, what is 14a + -17283?
-17134
In base 15, what is d20 + -6?
d19
In base 2, what is -110110 + 11000000000100?
10111111001110
In base 16, what is 11a - 16a?
-50
In base 6, what is 2 - 144251?
-144245
In base 11, what is -84a6 + -111?
-8607
In base 10, what is -106426 - -3?
-106423
In base 10, what is -14 + 207929?
207915
In base 6, what is 3 + -1020404?
-1020401
In base 9, what is -105 + 160?
54
In base 12, what is -4745 - 28?
-4771
In base 2, what is 11 - -110000111111010?
110000111111101
In base 12, what is -12050 + -3?
-12053
In base 8, what is 661 - 63?
576
In base 8, what is -3026 - 22?
-3050
In base 3, what is -1000220012 - 0?
-1000220012
In base 4, what is -220013 + 22?
-213331
In base 9, what is 13 - -800?
813
In base 7, what is -10444 - -2261?
-5153
In base 11, what is -2a694 - -3?
-2a691
In base 5, what is 1 + 112423211?
112423212
In base 3, what is 10021 - -200122?
210220
In base 13, what is 26a7 + -473?
2234
In base 4, what is 0 - -22203321?
22203321
In base 7, what is 40100 + -65?
40002
In base 15, what is 5 - a15a?
-a155
In base 7, what is 226 + -25103?
-24544
In base 13, what is -4 + 1566c3?
1566bc
In base 12, what is -10776 - -2?
-10774
In base 5, what is 20234 + 210?
20444
In base 5, what is -21411 + -1?
-21412
In base 4, what is -10302 + -21221?
-32123
In base 10, what is 4 + -17474?
-17470
In base 5, what is -1203022 - -10?
-1203012
In base 15, what is -5 - ecd0c?
-ecd12
In base 16, what is 8e187 - -4?
8e18b
In base 10, what is -5 - 1676?
-1681
In base 15, what is 6445 + 6?
644b
In base 15, what is -8008d - -11?
-8007c
In base 8, what is 702524 + -2?
702522
In base 3, what is -12000211 - -11222?
-11211212
In base 2, what is 111 - -111110011000?
111110011111
In base 13, what is 296c - 1c?
2950
In base 15, what is -413 + -39?
-44c
In base 11, what is 1 - 86a5?
-86a4
In base 6, what is 1 - 223204?
-223203
In base 5, what is -244 - -21013?
20214
In base 14, what is 21a6d - 4?
21a69
In base 7, what is -361406 - -2?
-361404
In base 4, what is -13211 + -1100?
-20311
In base 10, what is 4 - 24583?
-24579
In base 14, what is 867b7 - -1?
867b8
In base 14, what is -25d66 - 1?
-25d67
In base 10, what is 209 - 2066?
-1857
In base 4, what is -11030322 + 1?
-11030321
In base 6, what is -12120 + 21?
-12055
In base 11, what is -142a + -5a8?
-1a27
In base 3, what is 10021 + -12012?
-1221
In base 9, what is 6034 + 63?
6107
In base 9, what is 4638 - 223?
4415
In base 13, what is -6 - 944a4?
-944aa
In base 8, what is 4 - 233604?
-233600
In base 12, what is 10785b + 0?
10785b
In base 5, what is -12 + -133333?
-133400
In base 12, what is 42 - -69b8?
6a3a
In base 7, what is -315342 + 124?
-315215
In base 3, what is -200022 - -102212001?
102011202
In base 9, what is -172155 - 2?
-172157
In base 10, what is -6 - -1865?
1859
In base 10, what is -2 + -87427?
-87429
In base 10, what is 5 + -179960?
-179955
In base 9, what is 228 + -1142?
-813
In base 10, what is 1699 - 32?
1667
In base 16, what is -5 + 3cae?
3ca9
In base 6, what is -44 + -131?
-215
In base 4, what is -330211223 + 3?
-330211220
In base 12, what is -11 - -8a87?
8a76
In base 16, what is -14f - -1115?
fc6
In base 14, what is -2acd + 164?
-2969
In base 14, what is 